 49713*x + 4374731. Calculate n(-88).
-13
Let i(t) = -t**2 - 8173*t + 444233. Calculate i(54).
-25
Let t(h) = h**3 + 60*h**2 - 383*h - 3779. Calculate t(-65).
-9
Let c(k) = -5840*k + 29434. What is c(5)?
234
Let p(r) = -269944*r - 809750. What is p(-3)?
82
Let l(c) = 18*c**3 + 9*c**2 + 48*c + 254. What is l(-6)?
-3598
Let n(i) = -660*i - 63202. What is n(-94)?
-1162
Let c(o) = 559*o + 21780. Give c(-36).
1656
Let y(l) = -10*l**2 - 1159*l - 1475. Give y(-116).
-1591
Let t(f) = 2660*f + 34749. Give t(-13).
169
Let v(n) = 6*n**2 - 515*n - 9922. Calculate v(102).
-28
Let k(i) = -i**3 - 25*i**2 - 40*i - 189. Determine k(-24).
195
Let h(s) = 3925*s + 981252. Give h(-250).
2
Let l(f) = 9*f - 428. Determine l(119).
643
Let c(k) = 461*k + 9349. Calculate c(-20).
129
Let c(r) = r**3 - 30*r**2 + 202*r - 430. What is c(10)?
-410
Let b(x) = -x**3 + 118*x**2 - 3371*x - 489. What is b(49)?
1
Let p(k) = 378*k**3 - 15498*k**2 + 4*k - 29. Give p(41).
135
Let c(v) = -v**2 + 13169*v + 1206657. Give c(-91).
-3
Let j(y) = 25*y**2 - 987*y - 10999. Give j(-11).
2883
Let o(i) = 2309*i + 11559. Determine o(-5).
14
Let c(p) = -11*p**3 - 127*p**2 - 17*p + 40. Calculate c(-13).
2965
Let h(o) = -6*o**3 - 101*o**2 + 46*o + 562. Give h(-17).
69
Let j(k) = -k**3 + 2079*k**2 + 59009*k + 248. What is j(-28)?
-116
Let m(j) = 254713*j - 2292413. What is m(9)?
4
Let d(v) = -18*v**3 + 237*v**2 - 40*v + 61. Give d(13).
48
Let x(i) = -3879*i - 50337. What is x(-13)?
90
Let f(d) = -d**3 + 324*d**2 - 380*d + 18408. Determine f(323).
-3
Let j(z) = -z**3 - 3*z**2 + 518*z - 2776. Calculate j(6).
8
Let b(j) = 5*j**2 + 872*j + 374. What is b(-174)?
26
Let t(d) = -2*d**3 + 35*d**2 + 379*d - 72. Calculate t(25).
28
Let z(o) = -o**3 - 10*o**2 + 347*o - 477. Calculate z(-25).
223
Let i(y) = -y**3 + 1489*y**2 + 217482*y + 2. Calculate i(-134).
2
Let l(y) = 101*y**2 - 2148*y - 1622. Calculate l(22).
6
Let z(a) = -a**3 - 12*a**2 + 1257*a + 126. Determine z(30).
36
Let x(d) = 5996*d - 213. Calculate x(0).
-213
Let r(d) = -2*d**3 - 79*d**2 - 952*d - 44032. What is r(-41)?
43
Let y(u) = -80*u**2 - 573*u + 62. Determine y(-7).
153
Let x(w) = -w**2 + 3083*w - 27785. What is x(9)?
-119
Let m(r) = r**2 - 175*r - 732. Calculate m(179).
-16
Let j(o) = 3*o**3 - 82*o**2 - 1517*o - 27. Calculate j(40).
93
Let a(z) = z**2 - 46*z - 2305. Give a(-31).
82
Let i(w) = 3722*w - 640147. What is i(172)?
37
Let k(u) = 197*u - 4243. Determine k(22).
91
Let a(t) = -113*t**2 - 2505*t - 368. Give a(-22).
50
Let t(n) = 7*n**2 + 3396*n + 238076. Determine t(-85).
-9
Let h(u) = -u**3 + 698*u**2 + 4775*u + 112800. What is h(705)?
0
Let k(z) = z**3 + 94*z**2 + 173*z + 272. What is k(-92)?
1284
Let d(c) = c**3 - 208*c**2 + 419*c + 744. Give d(206).
2186
Let j(t) = -290*t + 11337. Give j(39).
27
Let i(r) = r**3 - 2*r**2 - 296424*r - 2. Give i(0).
-2
Let k(p) = 4*p**2 + 169*p - 1164. Calculate k(7).
215
Let i(g) = -46*g**3 - 89*g**2 + 8*g + 11. What is i(-2)?
7
Let p(a) = 34*a**2 - 247*a + 304. Calculate p(6).
46
Let w(i) = 10391*i - 41565. What is w(4)?
-1
Let z(g) = -g**3 - 176*g**2 - 317*g + 3766. Determine z(-174).
-1628
Let d(a) = 2*a**3 + 27*a**2 + 616*a + 7024. Determine d(-12).
64
Let f(r) = r**2 - 227*r + 9189. What is f(50)?
339
Let p(s) = -973*s + 312322. Determine p(321).
-11
Let p(b) = -146*b**2 - 439*b - 1. What is p(0)?
-1
Let l(g) = -g**3 - 78*g**2 - 848*g - 140. Determine l(-65).
55
Let w(p) = 19241*p - 153911. Determine w(8).
17
Let p(a) = -4*a**3 + 41*a**2 + 1987*a - 4473. Determine p(-19).
11
Let p(x) = -8*x**2 - 1479*x + 89424. Calculate p(48).
0
Let z(g) = -34*g**2 + 7180*g - 1258. Determine z(211).
8
Let i(h) = 3*h**2 - 412*h + 1984. Give i(5).
-1
Let p(g) = 257*g - 7266. Give p(28).
-70
Let q(n) = 80*n + 1252. Give q(-7).
692
Let x(r) = 4*r**3 - 21*r**2 + 144*r - 958. Give x(6).
14
Let d(n) = 128043*n + 19846663. What is d(-155)?
-2
Let z(r) = r**3 + 5*r**2 - 165*r + 5. Calculate z(-16).
-171
Let c(w) = -603*w**2 - 1139*w + 13. Calculate c(-2).
-121
Let w(d) = -2976*d + 13674. What is w(5)?
-1206
Let x(n) = -2*n**3 + 58*n**2 - 187*n + 2424. Determine x(27).
291
Let d(a) = -163*a - 975. Give d(-4).
-323
Let h(v) = -2*v**3 - 73*v**2 + 30*v - 119. Give h(-37).
140
Let x(l) = 71*l**2 - 12921*l - 257. Determine x(182).
-75
Let q(z) = z**3 + 36*z**2 - 71*z + 62. What is q(-42)?
-7540
Let v(n) = -16815*n + 823538. Give v(49).
-397
Let y(s) = 57*s**2 + 5756*s - 34. Determine y(-101).
67
Let h(j) = j**3 + 368*j**2 - 16773*j - 1618. Calculate h(-409).
18
Let h(s) = -94619*s - 567825. Determine h(-6).
-111
Let f(g) = -19*g**3 - g**2 + 3*g + 190. Determine f(0).
190
Let z(d) = 220*d - 826. Calculate z(0).
-826
Let w(b) = -348*b - 3057. Calculate w(-16).
2511
Let p(u) = -196*u + 19. What is p(0)?
19
Let m(d) = -121970*d - 976200. Calculate m(-8).
-440
Let g(o) = 3*o**2 + 954*o + 36187. Give g(-274).
19
Let n(t) = -856*t - 51567. Give n(-60).
-207
Let s(f) = -4*f**3 + 149*f**2 - 1088*f + 1451. Calculate s(28).
-5
Let j(h) = 1398*h - 11279. What is j(8)?
-95
Let p(y) = -9*y**3 + 159*y**2 - 7756*y + 140589. Give p(18).
9
Let n(l) = 5*l**3 - 337*l**2 + 1083*l + 313. Give n(64).
-7
Let y(g) = 1879*g + 33831. Give y(-18).
9
Let h(l) = -474*l - 7946. Calculate h(-17).
112
Let m(j) = 2911*j**2 + 20414*j + 79. Calculate m(-7).
-180
Let g(y) = -21539*y - 1227725. What is g(-57)?
-2
Let a(l) = 78361*l - 313463. Give a(4).
-19
Let v(z) = 277*z**2 + 7193*z + 52. What is v(-26)?
286
Let w(q) = -q**2 - 74*q - 1570. Give w(0).
-1570
Let g(a) = 5858*a + 35199. Give g(-6).
51
Let m(q) = 4*q**2 + 1098*q + 4863. What is m(-270)?
3
Let q(j) = 9853*j - 334851. Give q(34).
151
Let u(v) = -v**2 - 145971*v + 6716778. Calculate u(46).
-4
Let b(i) = 12920*i + 1614993. Calculate b(-125).
-7
Let d(i) = 48856*i + 488595. Determine d(-10).
35
Let p(s) = 885*s**2 + 133630*s - 650. What is p(-151)?
105
Let z(h) = 2*h**2 + 104846*h + 1886609. What is z(-18)?
29
Let g(c) = -12019*c + 22035. Give g(2).
-2003
Let u(f) = 20*f**2 + 10745*f - 96774. What is u(9)?
1551
Let b(w) = w**2 - 2264*w - 69043. Determine b(-30).
-223
Let j(i) = -37*i - 8686. Calculate j(-234).
-28
Let p(b) = 42840*b + 128515. Calculate p(-3).
-5
Let x(i) = 10*i**2 - 122*i - 293. Give x(16).
315
Let x(a) = 998*a - 68. Give x(2).
1928
Let f(q) = -3741*q - 1076896. Calculate f(-288).
512
Let y(m) = -m**2 + 6777*m - 40642. Calculate y(6).
-16
Let s(g) = -4479*g - 35864. Determine s(-8).
-32
Let y(w) = 2*w**3 - 32*w**2 + 39*w + 30. What is y(2)?
-4
Let d(h) = -1080500*h + 4. Calculate d(0).
4
Let m(a) = -3321*a + 3699606. What is m(1114)?
12
Let r(b) = -25*b**2 + 18*b - 28. What is r(11)?
-2855
Let t(u) = -u**3 + 206*u**2 + 196*u + 2281. What is t(207)?
4
Let u(w) = w**2 + 58*w + 289. Give u(-40).
-431
Let q(z) = z**3 + 9*z**2 + 1355*z - 48. Give q(0).
-48
Let o(d) = 8599*d - 1057675. Give o(123).
2
Let r(k) = 6*k**3 + 19*k**2 + 71*k - 620. Give r(7).
2866
Let m(f) = -73*f - 6121. Calculate m(-55).
-2106
Let c(j) = -864*j - 7673. Calculate c(-9).
103
Let j(b) = 145*b**3 - 13*b**2 + 18*b + 2. Determine j(-3).
-4084
Let n(b) = b**3 - 126*b**2 + 2607*b - 645. Calculate n(100).
55
Let h(i) = -30*i**2 - 1797*i - 3573. Calculate h(-2).
-99
Let y(s) = -s**3 + 217*s**2 - 3541*s - 43778. What is y(198)?
-20
Let q(f) = 3*f**3 - 39*f**2 + 66*f + 23. Determine q(2).
23
Let o(d) = -22*d - 6667. Determine o(-295).
-177
Let m(i) = -i**3 + 3*i**2 + 130*i + 22. What is m(13)?
22
Let x(w) = 2532*w + 331700. Calculate x(-131).
8
Let c(i) = 1630*i**3 + 2*i**2 - 2171*i + 2171. Calculate c(1).
1632
Let y(b) = -1363*b - 55883. Calculate y(-41).
0
Let i(p) = 57*p - 4011. Determine i(74).
207
Let f(q) = 9*q**2 - 553*q - 7142. What is f(-11)?
30
Let c(b) = -2830*b - 1454629. What is c(-514)?
-9
Let m(p) = 284*p - 8568. Calculate m(30).
-48
Let d(r) = -6649*r - 731406. Give d(-110).
-16
Let h(m) = 5*m**2 - 279*m + 2706. What is h(45)?
276
Let n(j) = -1800915*j + 5402750. What is n(3)?
5
Let s(c) = -28*c**2 + 10553*c + 1113. Determine s(377).
-18
Let x(c) = -c**3 - 6227*c**2 - 68328*c + 17. Determine x(-11).
-511
Let h(a) = -a**2 + 1256*a - 362703. Determine h(450).
-3
Let z(q) = 10*q**3 + 26*q**2 + 43*q + 169. Calculate z(-7).
-2288
Let i(m) = 211*m**3 - 832*m**2 - 80*m + 131. Calculate i(4).
3
Let q(z) = 897*z 